ate x(47).
-65
Let a(s) = -2*s**3 + 46*s**2 + 494*s - 10699. Determine a(24).
5
Let r(x) = 2348*x**2 + 286457*x + 129. What is r(-122)?
7
Let q(j) = j**2 + 1308*j - 164969. Give q(116).
215
Let p(g) = 12*g**2 - 964*g - 412. Determine p(81).
236
Let t(h) = -3602*h - 39534. Determine t(-11).
88
Let t(f) = -f**3 - 10*f**2 - 74*f - 205. Give t(-4).
-5
Let n(g) = 2*g**2 + 96*g + 1133. Determine n(-28).
13
Let z(r) = 165*r + 1837. Give z(-11).
22
Let p(y) = -8*y**3 + 70*y**2 - 204*y + 1995. Calculate p(9).
-3
Let t(o) = -o**2 - 2456*o - 127393. Calculate t(-53).
-34
Let r(n) = -796*n - 30521. Give r(-40).
1319
Let c(y) = -2*y**3 + 2*y**2 - 18*y + 258. What is c(11)?
-2360
Let y(a) = a**3 - 77*a**2 + 57*a + 756. What is y(77)?
5145
Let w(b) = -b**3 - 14*b**2 + 3*b - 324. Calculate w(-16).
140
Let f(d) = -8*d**2 + 2080*d + 6229. Determine f(-3).
-83
Let q(p) = -3*p**2 + 766*p - 19342. What is q(230)?
-1862
Let i(s) = s**3 + 254*s**2 - 586*s - 18673. Calculate i(-256).
271
Let v(g) = -g**3 + 327*g + 637. Give v(-2).
-9
Let h(m) = m**3 - 261*m**2 + 1493*m + 228. Determine h(6).
6
Let l(u) = 15*u**2 - 13816*u - 41583. Determine l(-3).
0
Let y(c) = 130140*c - 520590. Calculate y(4).
-30
Let q(s) = 3*s**3 - 8*s**2 + 16116*s - 32225. Give q(2).
-1
Let b(q) = -20433*q + 81761. What is b(4)?
29
Let q(p) = -3*p**2 + 9*p - 55. What is q(14)?
-517
Let g(s) = 5*s**2 - 66*s + 17. What is g(-2)?
169
Let d(m) = 2*m**2 - 419*m + 16409. Determine d(157).
-76
Let c(m) = -5*m**3 - 52*m**2 + 116*m + 1. Determine c(-12).
-239
Let n(s) = s**3 + 2*s**2 - 78*s - 367. Determine n(-6).
-43
Let m(l) = 1811*l - 208099. Determine m(115).
166
Let y(l) = 10712*l + 1756772. Determine y(-164).
4
Let f(x) = -305*x - 4683. Determine f(-15).
-108
Let a(j) = 7*j**2 - 561*j - 427. Calculate a(81).
59
Let k(q) = 2*q**3 - 431*q**2 + 627*q + 2760. What is k(214)?
-450
Let q(o) = -39*o + 383. Calculate q(12).
-85
Let c(d) = -d**3 - 15*d**2 + 185*d + 315. Determine c(-17).
-2252
Let b(n) = -29*n**2 + 391*n - 1478. Calculate b(7).
-162
Let d(o) = 258*o**2 - 1297*o - 102. Give d(5).
-137
Let y(t) = 5432*t + 33161. Give y(-6).
569
Let x(j) = -j**3 + 15*j**2 + 6*j - 27. What is x(15)?
63
Let n(l) = 1250*l - 122. What is n(0)?
-122
Let v(c) = 7*c**3 + 147*c**2 - 19*c - 175. Give v(-21).
224
Let b(t) = -t**2 - 19338*t + 116053. Calculate b(6).
-11
Let d(a) = -a**3 + 49*a**2 - 200*a - 2269. Calculate d(43).
225
Let b(y) = -679*y - 38480. Determine b(-56).
-456
Let z(x) = -2*x**3 + 6130*x**2 + 129613*x + 19. Give z(-21).
-2
Let z(p) = 139797*p - 5591889. Give z(40).
-9
Let o(v) = -2*v**3 - 2377*v**2 - 9559*v - 327. What is o(-4)?
5
Let l(h) = -4830*h + 1323440. What is l(274)?
20
Let v(c) = -c**3 + 7*c**2 + 872*c + 3061. Determine v(-24).
-11
Let x(o) = 10440746*o - 31322239. Determine x(3).
-1
Let z(v) = v**3 + 3*v**2 - 10*v - 33. Determine z(3).
-9
Let l(p) = p**3 - 33*p**2 - 75*p - 54. Calculate l(35).
-229
Let v(j) = -j**2 + 258*j - 3122. Calculate v(12).
-170
Let z(q) = -2*q**3 - 62*q**2 + 30*q + 148. Calculate z(-31).
-782
Let l(t) = -15*t + 45. Determine l(16).
-195
Let w(f) = -f**2 - 135*f + 2998. What is w(23)?
-636
Let y(x) = -2*x**2 - 37626*x + 602558. What is y(16)?
30
Let m(u) = u**3 - 24*u**2 + 129*u - 1426. What is m(21)?
-40
Let q(i) = 36550*i + 255834. Determine q(-7).
-16
Let b(s) = -555*s + 1724. What is b(3)?
59
Let h(v) = -37650*v + 451804. Give h(12).
4
Let q(u) = 48000*u - 2111991. Calculate q(44).
9
Let u(j) = -13524*j**2 - 67600*j + 104. Calculate u(-5).
4
Let w(o) = -783*o - 168571. What is w(-215)?
-226
Let o(c) = -117*c**3 - 818*c**2 - 51*c - 403. Calculate o(-7).
3
Let n(g) = -2*g**3 + 37*g**2 - 249*g + 704. Give n(9).
2
Let r(n) = 16196*n - 291514. What is r(18)?
14
Let p(v) = 1637*v + 75151. What is p(-46)?
-151
Let g(n) = 2*n**3 + 721*n**2 - 2534*n + 5087. What is g(-364)?
-9
Let r(w) = -107*w**2 + 439*w - 108. Calculate r(4).
-64
Let l(u) = -4*u**3 + 430*u**2 - 2619*u - 403. Determine l(101).
304
Let a(w) = -5*w**2 - 1530*w + 10851. Give a(7).
-104
Let s(g) = -17*g**3 + 21*g**2 + 69*g - 87. Calculate s(2).
-1
Let w(p) = -29183*p - 583764. Give w(-20).
-104
Let d(o) = 112547*o - 337718. What is d(3)?
-77
Let o(a) = -49*a**2 + 30292*a - 6177. What is o(618)?
3
Let w(m) = -m**2 + 1297*m - 27840. What is w(22)?
210
Let h(o) = o**3 + 339*o**2 + 2979*o + 2977. Calculate h(-330).
7
Let z(s) = 2*s**2 - 536*s + 4661. Determine z(9).
-1
Let t(k) = -2*k**3 - 15*k**2 - 1036*k + 3223. Give t(3).
-74
Let z(k) = -k**3 - 59*k**2 + 153*k + 6330. Give z(-59).
-2697
Let o(x) = -11*x**3 - 326*x**2 + 127*x + 300. Calculate o(-30).
90
Let d(z) = -11755*z - 693543. Calculate d(-59).
2
Let x(g) = -g**3 + 46*g**2 + 241*g + 715. Calculate x(51).
1
Let k(s) = 1361*s - 80976. What is k(60)?
684
Let k(s) = 18008*s + 270098. What is k(-15)?
-22
Let o(z) = 5766*z - 144679. Calculate o(25).
-529
Let y(r) = -27410*r + 328981. What is y(12)?
61
Let u(f) = 2022*f - 928105. Determine u(459).
-7
Let z(t) = 3*t**2 + 272*t - 27340. Give z(-151).
-9
Let w(y) = 2077713*y - 2077710. What is w(1)?
3
Let q(s) = -s**2 + 527*s - 59323. Calculate q(364).
9
Let y(s) = -s**2 + 122*s - 3716. Determine y(54).
-44
Let o(d) = 3*d**3 + 76*d**2 + 50*d + 614. Give o(-25).
-11
Let f(u) = u**2 - 511*u + 57177. Determine f(151).
2817
Let k(r) = r**3 - 55*r**2 + 541*r - 32. Calculate k(42).
-242
Let j(x) = -893*x - 60. Determine j(3).
-2739
Let a(n) = -n**3 - 15*n**2 + 563*n + 8776. Calculate a(-16).
24
Let a(f) = -29*f**2 - 5148*f + 2320. Determine a(-178).
-172
Let v(m) = -m**2 + 43826*m - 306749. What is v(7)?
-16
Let y(z) = z**3 - 30*z**2 + 153*z + 525. Give y(11).
-91
Let l(b) = -281782*b - 845353. Give l(-3).
-7
Let h(l) = -4*l**2 - 129*l - 665. What is h(-37)?
-1368
Let q(t) = -t**3 + 104*t**2 + 261*t + 6266. Determine q(107).
-154
Let y(a) = 2251*a**2 - 9220*a + 857. Determine y(4).
-7
Let o(k) = 4*k**3 + 346*k**2 + 146*k - 2338. Determine o(-86).
-102
Let w(z) = 21*z**2 + 1271*z + 640. What is w(-60)?
-20
Let m(z) = -10*z**3 + 5*z**2 - 402*z - 404. What is m(-1)?
13
Let q(m) = -10793*m - 20873661. Calculate q(-1934).
1
Let s(m) = m**2 + 1021*m + 42064. Determine s(-43).
10
Let w(j) = -5*j**3 - 104*j**2 + 72*j + 1088. Determine w(-21).
17
Let i(h) = -h**3 + 33*h**2 - 239*h - 589. Determine i(15).
-124
Let u(x) = 38776*x - 10081768. Give u(260).
-8
Let y(h) = -8*h**2 - 393*h + 2651. Give y(6).
5
Let c(k) = -k**3 - 11*k**2 + 85*k + 135. Calculate c(-15).
-240
Let k(j) = 3*j**2 - 226*j + 2646. Give k(12).
366
Let i(o) = o**2 + 339*o + 20707. Give i(-259).
-13
Let j(b) = 4*b**2 - 787*b + 37799. What is j(113)?
-56
Let f(w) = 300*w - 5220. Determine f(19).
480
Let n(l) = -111876*l + 1118906. Determine n(10).
146
Let x(o) = -81372*o - 2034304. What is x(-25)?
-4
Let h(f) = f**2 + 44184*f - 1459155. What is h(33)?
6
Let b(s) = -82871*s - 1823186. Give b(-22).
-24
Let h(t) = -t**3 + 15*t**2 + 27*t - 382. Calculate h(10).
388
Let r(i) = -1194*i + 6800. What is r(7)?
-1558
Let t(x) = -2464*x - 32030. Determine t(-13).
2
Let n(q) = -11060*q - 33332. Calculate n(-3).
-152
Let y(m) = -4*m**3 - 870*m**2 - 430*m + 765. What is y(-217)?
-103
Let a(l) = 351*l + 44485. Calculate a(-124).
961
Let k(y) = y**3 - 387*y**2 + 27140*y + 4. What is k(92)?
4
Let o(t) = 156*t**2 - 226*t + 22. What is o(2)?
194
Let j(w) = 5*w**2 - 44*w - 10299. Calculate j(50).
1
Let b(z) = -z**3 - 64*z**2 + 314*z - 13006. What is b(-71)?
-13
Let a(p) = -2*p**3 - 85*p**2 - 216*p - 153. Give a(-40).
487
Let o(g) = 7*g**3 + 281*g**2 + 2098*g - 948. Give o(-30).
12
Let v(i) = -2*i**3 - 1191*i**2 - 772*i + 599946. Give v(-594).
6
Let l(s) = -409*s + 35737. Calculate l(88).
-255
Let g(p) = -311*p + 50383. Determine g(162).
1
Let t(f) = -f**3 - 41*f**2 + 467*f - 46. What is t(9)?
107
Let v(t) = 774025*t + 8. Calculate v(0).
8
Let x(h) = -1707*h - 58389. What is x(-34)?
-351
Let d(r) = r**2 - 353*r - 34601. Determine d(-80).
39
Let b(n) = -51*n**2 - 2752*n - 255. Determine b(-54).
-363
Let a(r) = r**2 - 163*r + 1182. What is a(8)?
-58
Let d(u) = 17040*u + 204494. What is d(-12)?
14
Let j(q) = 4*q**3 + 359*q**2 - 73*q + 1510. Give j(-90).
-20
Let t(a) = -5*a**3 - 440*a**2 - 31*a - 2613. Calculate t(-88).
115
Let w(s) = 178*s**3 - 355*s**2 - 388*s + 780. Determine w(2)